g) = -g**2 + 13*g - 22. Calculate q(10).
8
Let h(r) = r**2 + 39*r + 34. Determine h(-38).
-4
Let z(u) = -168*u**2 + 3*u + 2. Determine z(-1).
-169
Let y(b) = -3*b - 4. Give y(-3).
5
Let s(o) = -17*o + 99. What is s(22)?
-275
Let p(m) = m**3 + 6*m**2 - 9*m - 12. Calculate p(-7).
2
Let d(l) = l**3 - 13*l**2 - 2*l + 28. What is d(13)?
2
Let s(k) = -8*k + 258. Give s(33).
-6
Let l(h) = -4*h**3 - 2*h**2 + 11*h - 3. What is l(-2)?
-1
Let v(s) = s**2 + 20*s + 72. Calculate v(-16).
8
Let k(a) = a**2 + 9*a + 8. Determine k(-5).
-12
Let d(w) = 2*w**3 + w**2 - w + 1. What is d(0)?
1
Let x(b) = -5*b**3 - 3*b**2 - 8*b - 3. What is x(-2)?
41
Let u(k) = -k**2 - 21*k + 145. Calculate u(-26).
15
Let y(j) = -21*j + 1037. Give y(49).
8
Let a(v) = 2*v**2 - 15*v - 37. Give a(9).
-10
Let l(q) = -q**2 + 3. Give l(2).
-1
Let o(b) = -b**2 - 16*b + 39. What is o(-17)?
22
Let c(b) = -73*b**3 + 3*b + 2. Calculate c(-1).
72
Let h(s) = -s**2 - 3*s + 1. Calculate h(-4).
-3
Let o(r) = r**3 - 4*r**2 - 4*r + 14. Give o(3).
-7
Let h(m) = 2*m**3 - 2*m**2 - m - 4. Give h(3).
29
Let n(m) = m**3 - 10*m**2 + 3*m - 17. What is n(10)?
13
Let p(i) = i**2 + 4*i - 12. Give p(-6).
0
Let j(a) = -a**3 - 15*a**2 - 15*a + 2. What is j(-14)?
16
Let y(h) = 21*h - 15. Determine y(0).
-15
Let i(c) = -140*c + 557. Give i(4).
-3
Let y(n) = 2*n + 2. Give y(1).
4
Let t(b) = -b**3 + 7*b**2 + 6*b + 12. What is t(8)?
-4
Let b(k) = 11*k - 360. Calculate b(32).
-8
Let n(c) = -c - 6. Give n(2).
-8
Let x(c) = 3*c**2 - 14*c + 13. Give x(6).
37
Let b(l) = -l**2 + 9*l - 14. Calculate b(6).
4
Let y(q) = 3*q + 5. What is y(-3)?
-4
Let v(h) = -9*h - 1. Determine v(3).
-28
Let h(m) = m + 18. What is h(-19)?
-1
Let d(j) = -4*j**2 + 9*j - 18. Calculate d(6).
-108
Let h(z) = -z**3 + 8*z**2 + 4*z - 82. What is h(7)?
-5
Let i(d) = -2*d**3 - 87*d**2 - 40*d + 121. What is i(-43)?
-8
Let l(h) = -16*h - 67. Calculate l(-5).
13
Let a(q) = -q**3 + 2*q**2 + q - 6. Calculate a(2).
-4
Let h(w) = w**2 - 8*w - 179. Give h(-10).
1
Let q(l) = -2*l**3 - l**2 + 2*l - 2. What is q(-2)?
6
Let l(r) = -r**3 + 16*r**2 - 46*r - 18. What is l(12)?
6
Let s(o) = 23*o**3 + o**2 + o - 1. Calculate s(1).
24
Let f(z) = 2*z**3 - 35*z**2 - 10*z - 150. Give f(18).
-6
Let o(n) = 3*n**3 - 2*n**2 + 16*n + 18. What is o(-1)?
-3
Let l(x) = -54*x**3 + x**2 - 5*x - 5. Determine l(-1).
55
Let c(b) = 6*b + 16. What is c(-7)?
-26
Let u(o) = -o - 5. Determine u(-8).
3
Let o(u) = 9*u**3 - u**2 + 3*u + 5. Give o(-2).
-77
Let b(k) = -k**2 - k + 14. Determine b(0).
14
Let l(z) = 4*z - 1. Calculate l(8).
31
Let k(t) = -t**2 - 9*t - 19. Calculate k(-3).
-1
Let q(g) = 3*g + 19. What is q(-6)?
1
Let b(m) = m**3 - 8*m**2 + 5*m + 3. Give b(6).
-39
Let v(r) = -r**3 - 4*r**2 + 3*r + 5. Calculate v(-4).
-7
Let g(y) = -y - 3. Determine g(-6).
3
Let o(v) = v**2 - 2*v - 29. Give o(7).
6
Let h(u) = 8*u - 4. Determine h(1).
4
Let i(s) = s**2 + 7*s. What is i(-5)?
-10
Let d(g) = g**3 + 16*g**2 + g - 203. What is d(-15)?
7
Let n(u) = u**2 - 10*u - 7. Calculate n(9).
-16
Let a(h) = -15*h + 1. What is a(5)?
-74
Let r(f) = 2*f**3 + 2*f**2 + f - 3. Determine r(-2).
-13
Let z(v) = v**3 + 23*v**2 + 42*v + 9. What is z(-21)?
9
Let r(a) = a**3 + 5*a**2 + a - 1. Calculate r(-4).
11
Let u(p) = 18*p + 60. Calculate u(-4).
-12
Let l(p) = p**2 + 21*p + 18. Determine l(-20).
-2
Let m(u) = 4*u - 153. Calculate m(39).
3
Let s(h) = h**2 + 5*h - 105. What is s(-13)?
-1
Let y(t) = -5*t + 6. Calculate y(4).
-14
Let w(m) = 5*m - 45. Give w(8).
-5
Let t(b) = b - 13. What is t(12)?
-1
Let c(h) = h - 15. What is c(16)?
1
Let x(r) = 4*r + 1. What is x(-1)?
-3
Let b(f) = -f**3 - 7*f**2 + 31*f + 16. What is b(-10)?
6
Let m(n) = n**2 + n. Determine m(5).
30
Let l(a) = -2*a**2 - 18*a - 63. Calculate l(-3).
-27
Let x(j) = j**3 + 2*j**2 + j + 9. What is x(0)?
9
Let o(q) = -2*q**2 - 2*q - 7. Determine o(-6).
-67
Let r(b) = 17*b - 21. Give r(8).
115
Let d(s) = -s**2 - 17*s - 24. Give d(-10).
46
Let k(r) = 9*r + 3. Calculate k(-3).
-24
Let j(m) = -m**2 + 29*m + 24. What is j(30)?
-6
Let d(v) = -24*v - 2. Give d(3).
-74
Let x(h) = -18*h + 60. What is x(4)?
-12
Let t(w) = -2*w**3 - 41*w**2 + 23*w + 38. Calculate t(-21).
-4
Let b(w) = -5*w + 37. Determine b(7).
2
Let s(a) = -a**2 - 5*a + 3. Calculate s(-7).
-11
Let v(l) = -95*l - 5. Determine v(1).
-100
Let d(v) = -v**3 - 6*v**2 - 6*v - 5. What is d(-4)?
-13
Let d(y) = 50*y + 755. Determine d(-15).
5
Let i(g) = g**3 - 6*g**2 - 5*g + 1. Give i(7).
15
Let o(m) = -m**2 - m - 21. Give o(0).
-21
Let j(z) = -2*z - 33. Give j(-6).
-21
Let z(n) = 7*n - 58. Determine z(8).
-2
Let u(f) = f**2 + 9*f + 5. What is u(-10)?
15
Let k(f) = -f**3 - 17*f**2 + 19*f + 25. What is k(-18)?
7
Let a(q) = -3*q + 41. Determine a(11).
8
Let c(d) = d**2 + 17*d - 34. Give c(-19).
4
Let k(n) = 2*n**2 + n - 13. Calculate k(0).
-13
Let m(b) = -12*b - 17. Determine m(-2).
7
Let x(a) = -6*a**2 - a - 3. What is x(-2)?
-25
Let c(n) = 12*n**2 + 5*n - 2. What is c(3)?
121
Let y(n) = n**3 - 13*n**2 + 13*n + 12. What is y(12)?
24
Let i(k) = -k**3 - 8*k**2 - 3*k + 10. Give i(-7).
-18
Let x(k) = -2*k**2 + 12*k - 15. What is x(5)?
-5
Let h(z) = 3*z**2 - 5*z + 2. Give h(4).
30
Let c(o) = 4*o + 58. What is c(-17)?
-10
Let v(i) = i**3 + 7*i**2 - 11*i + 46. What is v(-9)?
-17
Let f(q) = q**3 + 14*q**2 + 19*q + 4. Determine f(-12).
64
Let b(t) = -t**3 - 8*t**2 + 23. Give b(-7).
-26
Let g(n) = 3*n - 6. Determine g(-9).
-33
Let x(v) = -8*v - 6. Calculate x(-5).
34
Let v(u) = u**2 - 4*u + 1. Give v(3).
-2
Let w(u) = -u**3 + 5*u**2 - 3*u + 11. Calculate w(5).
-4
Let h(x) = -x + 3. What is h(-3)?
6
Let p(g) = -g**3 - 5*g**2 + 6*g + 2. What is p(-6)?
2
Let g(t) = 6*t + 18. Calculate g(-14).
-66
Let j(z) = 2*z - 41. What is j(20)?
-1
Let u(m) = 13*m - 39. Give u(3).
0
Let i(d) = d + 9. What is i(9)?
18
Let y(n) = -7*n - 84. Calculate y(-10).
-14
Let h(a) = -3*a**2 + 41*a + 122. What is h(16)?
10
Let k(g) = g**3 + 8*g**2 - 27*g - 55. Give k(-10).
15
Let l(f) = -3*f**2 + 24*f - 39. Calculate l(6).
-3
Let z(h) = -2*h**3 + 6*h**2 + 3. Determine z(3).
3
Let b(y) = -y**2 + 7*y - 4. Calculate b(6).
2
Let d(o) = 4*o**3 + 33*o**2 - 26*o + 1. Calculate d(-9).
-8
Let y(o) = -o**2 + 4*o - 4. Determine y(5).
-9
Let w(x) = 6*x - 13. Determine w(-7).
-55
Let n(m) = m**3 + 17*m**2 - 86*m - 52. Determine n(-21).
-10
Let d(w) = -w**3 - 15*w**2 + 16*w - 16. Determine d(-16).
-16
Let t(f) = 7*f**2 + 42*f - 5. Determine t(-6).
-5
Let l(j) = 6*j + 4. What is l(5)?
34
Let h(i) = -i**3 + 8*i**2 + 28*i - 8. Give h(11).
-63
Let b(r) = -r**2 - 1. Determine b(4).
-17
Let r(g) = -g**3 + 2*g**2 + 5*g + 3. What is r(4)?
-9
Let j(z) = z**3 - 17*z**2 + 3*z - 50. Determine j(17).
1
Let l(v) = v**3 - 23*v**2 - 22*v - 52. Calculate l(24).
-4
Let y(u) = -3*u - 14. Determine y(-4).
-2
Let z(y) = 3*y - 16. What is z(6)?
2
Let b(q) = 14*q - 1. Determine b(1).
13
Let v(s) = -8*s - 4. Determine v(-3).
20
Let t(o) = 36*o**3 - o**2 + 1. Calculate t(-1).
-36
Let g(t) = -t**2 + 3*t + 17. What is g(6)?
-1
Let y(f) = 34*f - 190. Give y(7).
48
Let a(u) = -u**3 - 16*u**2 - 30*u - 30. Determine a(-14).
-2
Let d(n) = n**3 - 5*n**2 + 4*n + 11. Calculate d(4).
11
Let v(q) = q**2 + 15*q - 55. Calculate v(-18).
-1
Let n(g) = 2*g - 16. Determine n(6).
-4
Let h(q) = -2*q**3 + 10*q**2 + q + 6. Determine h(4).
42
Let t(l) = -l**2 - 6*l + 10. Determine t(-7).
3
Let a(v) = 6*v**3 + 2*v**2 - v. Calculate a(1).
7
Let t(z) = 3*z - 30. Determine t(17).
21
Let v(d) = d**3 - 11*d**2 + 9*d + 9. Calculate v(10).
-1
Let f(h) = h + 10. Give f(-17).
-7
Let a(v) = v**2 - 9*v - 25. Give a(-3).
11
Let i(k) = -k**2 - 7*k - 4. Determine i(-6).
2
Let u(d) = 3*d - 8. Determine u(-7).
-29
Let m(n) = n**2 - 22*n - 104. Determine m(26).
0
Let z(w) = -26*w + 31. Calculate z(1).
5
Let j(o) = 2*o. Calculate j(-2).
-4
Let k(i) = 7*i - 89. Calculate k(14).
9
Let s(q) = q**2 + 24*q - 58. Determine s(-26).
-6
Let v(l) = l**2 - 12*l + 14. Give v(8).
-18
Let m(c) = c**3 + 7*c**2 - 8*c + 1. Determine m(-8).
1
Let i(f) = -f**3 - 5*f**2 - 3*f - 18. Calculate i(-5).
-3
Let b(v) = -3*v - 1. Determine b(-2).
5
Let o(w) = w**3 + 16*w**2 - 2*w - 17. Calculate o(-16).
15
Let l(s) = -s**3 - 2*s**2 - 2*s + 2. What is l(-2)?
6
Let h(i) = -2*i**2 - 3*i + 3. Give h(2).
-11
Let d(r) = r**3 - 20*r**2 + 16*r - 23. Determin